base 10?
1393
Convert -42a (base 14) to base 13.
-4b3
Convert 32101 (base 5) to base 9.
2850
What is 130 (base 15) in base 5?
2040
-796 (base 10) to base 13
-493
Convert 711 (base 13) to base 4.
102231
What is -7294 (base 11) in base 6?
-112422
aa9 (base 14) to base 15
959
-20201 (base 5) to base 10
-1301
Convert 11011002 (base 3) to base 13.
14ba
Convert -146c (base 15) to base 11.
-331a
Convert 9393 (base 12) to base 10.
16095
100000101101101 (base 2) to base 15
4e69
Convert -1001111100110 (base 2) to base 15.
-1799
What is -11000011001 (base 2) in base 12?
-aa1
What is -22571 (base 9) in base 14?
-56ad
Convert 3081 (base 11) to base 16.
ff2
What is -74 (base 8) in base 12?
-50
Convert -12211 (base 5) to base 14.
-4a7
What is 20021120 (base 4) in base 16?
8258
What is -4764 (base 9) in base 11?
-272a
62a (base 11) to base 12
532
Convert 133122 (base 8) to base 13.
18324
What is -2414 (base 5) in base 16?
-167
-4d (base 16) to base 6
-205
1595 (base 11) to base 4
133320
-1130432 (base 5) to base 6
-240010
1ce7 (base 16) to base 5
214044
314 (base 11) to base 10
378
Convert -223340 (base 5) to base 16.
-1f22
864 (base 14) to base 2
11001111000
What is 34a6 (base 15) in base 16?
2bad
What is -3555 (base 7) in base 5?
-20224
244 (base 6) to base 14
72
What is 4fb4 (base 16) in base 9?
30881
What is -401334 (base 5) in base 9?
-18402
101111001 (base 2) to base 15
1a2
-588 (base 13) to base 14
-4c5
What is -706 (base 16) in base 9?
-2417
Convert -3011122 (base 4) to base 5.
-401014
What is -1430 (base 8) in base 15?
-37c
What is -28485 (base 9) in base 6?
-225335
2012210 (base 4) to base 11
651a
What is -29a6 (base 11) in base 16?
-f1b
Convert 12c (base 13) to base 6.
543
-11110010001011 (base 2) to base 11
-10710
What is 32656 (base 8) in base 2?
11010110101110
What is 2004 (base 9) in base 6?
10434
What is 231262 (base 7) in base 9?
62581
Convert -2820 (base 10) to base 7.
-11136
What is 4121413 (base 5) in base 11?
46468
-1280 (base 11) to base 15
-75b
What is -17675 (base 9) in base 10?
-12218
Convert 111322233 (base 4) to base 2.
10101111010101111
-7ecb (base 16) to base 5
-2014314
-13425 (base 6) to base 10
-2105
What is 10110000110 (base 2) in base 3?
1221101
What is 11001001101 (base 2) in base 7?
4463
What is -2a9 (base 13) in base 12?
-339
Convert -8473 (base 14) to base 15.
-6b77
-133 (base 14) to base 16
-f1
What is -be52 (base 16) in base 2?
-1011111001010010
69cb (base 14) to base 6
221115
Convert 23a (base 14) to base 16.
1bc
What is -41364 (base 7) in base 15?
-3010
Convert -24060 (base 7) to base 8.
-14110
-7712 (base 13) to base 9
-24658
What is -2a81 (base 13) in base 11?
-4717
What is -31225 (base 6) in base 5?
-113233
Convert -1567 (base 12) to base 14.
-cc7
Convert 1010202 (base 3) to base 14.
434
What is -514 (base 16) in base 12?
-904
3c3 (base 15) to base 10
858
Convert 9880 (base 10) to base 9.
14487
3500 (base 9) to base 8
5040
-3301 (base 4) to base 10
-241
-1314e (base 16) to base 3
-10222012202
285 (base 11) to base 8
517
What is -2121121 (base 4) in base 9?
-14417
What is -567a (base 11) in base 12?
-43a4
What is 2121033 (base 4) in base 2?
10011001001111
2044 (base 5) to base 15
134
Convert -49852 (base 10) to base 14.
-1424c
Convert -110111101000000 (base 2) to base 11.
-1a441
What is 140283 (base 9) in base 5?
10214110
113103 (base 5) to base 9
5624
Convert 4676 (base 9) to base 16.
d8f
-31032 (base 4) to base 8
-1516
What is 1000202210 (base 3) in base 6?
233420
6206 (base 7) to base 11
1696
Convert 1bab9 (base 12) to base 8.
120555
What is -1635 (base 14) in base 8?
-7577
What is 20604 (base 8) in base 11?
64a0
What is -1118 (base 16) in base 3?
-20000002
What is 16100 (base 10) in base 15?
4b85
What is 111 (base 13) in base 5?
1213
Convert -1e7 (base 15) to base 14.
-238
Convert d23d (base 16) to base 4.
31020331
Convert 537 (base 8) to base 3.
111000
-451 (base 7) to base 12
-174
Convert d5 (base 16) to base 13.
135
6638 (base 9) to base 7
20162
-236 (base 15) to base 4
-13311
Convert -1b80 (base 12) to base 14.
-1356
-7074 (base 8) to base 15
-112e
-4375 (base 10) to base 9
-6001
2801 (base 9) to base 6
13431
-23151 (base 10) to base 15
-6cd6
What is -10220012 (base 3) in base 9?
-3805
What is 13421 (base 6) in base 4?
200311
Convert 14544 (base 6) to base 4.
211000
What is 2003 (base 7) in base 9?
845
Convert 211430 (base 5) to base 7.
26513
Convert 1110001 (base 3) to base 4.
100132
What is 100001010101 (base 2) in base 9?
2830
-10028 (base 9) to base 15
-1e42
Convert -101110 (base 2) to base 5.
-141
-41143 (base 5) to base 10
-2673
What is 922a (base 13) in base 9?
30565
Convert 5b25 (base 15) to base 11.
13623
Convert -2824 (base 12) to base 8.
-11034
1024 (base 8) to base 16
214
Convert 1111022 (base 3) to base 12.
768
Convert 2187 (base 14) to base 16.
16ab
Convert 62b4 (base 13) to base 16.
3563
42154 (base 10) to base 4
22102222
Convert 254 (base 10) to base 13.
167
20111 (base 3) to base 8
257
Convert 3203 (base 6) to base 12.
503
What is a8 (base 11) in base 7?
226
What is -e0e (base 15) in base 11?
-2417
-1020010212 (base 3) to base 9
-36125
-150 (base 12) to base 5
-1304
What is 3431 (base 5) in base 3?
200012
Convert -13c3 (base 14) to base 9.
-4722
What is -3b2 (base 14) in base 16?
-2e8
154 (base 8) to base 5
413
-10101101100101 (base 2) to base 14
-4097
What is 10000111001 (base 2) in base 7?
3103
Convert 729 (base 11) to base 15.
3d8
-12b9c (base 13) to base 2
-1000100001111111
112011011 (base 3) to base 10
10318
Convert -24424 (base 5) to base 9.
-2501
1110100100110111 (base 2) to base 16
e937
Convert -938d (base 16) to base 12.
-19a39
Convert -1b0 (base 15) to base 14.
-1dc
What is 10100010101 (base 2) in base 10?
1301
What is 302000 (base 5) in base 16?
2599
-904 (base 11) to base 16
-445
b4 (base 12) to base 7
253
10026 (base 8) to base 6
31022
-5822 (base 9) to base 13
-1c6a
What is 1960 (base 14) in base 3?
20022002
Convert -13030233 (base 4) to base 7.
-151653
10000011 (base 2) to base 3
11212
What is 111101010011010 (base 2) in base 6?
401150
-2553 (base 10) to base 7
-10305
What is 100 (base 3) in base 5?
14
Convert -2604 (base 13) to base 6.
-41020
285 (base 12) to base 11
324
What is -12505 (base 8) in base 16?
-1545
What is -101110 (base 2) in base 7?
-64
Convert 205 (base 15) to base 11.
384
Convert -123553 (base 8) to base 9.
-64711
What is -333125 (base 6) in base 4?
-12310031
What is -139 (base 14) in base 15?
-117
What is 10011001000 (base 2) in base 11?
a13
What is 13076 (base 13) in base 6?
431105
Convert -2217 (base 16) to base 5.
-234402
Convert -7552 (base 12) to base 16.
-324e
628c (base 15) to base 11
14719
What is 111011000 (base 2) in base 4?
13120
Convert -210311 (base 4) to base 16.
-935
2307a (base 11) to base 6
414242
Convert 2c23 (base 16) to base 7.
44641
Convert -17256 (base 8) to base 10.
-7854
What is -220 (base 8) in base 7?
-264
What is 1010012012 (base 3) in base 16?
55fa
-576 (base 13) to base 3
-1021220
Convert -2533 (base 9) to base 10.
-1893
What is -12210120 (base 3) in base 14?
-177d
-1930 (base 11) to base 9
-3325
Convert 1010012121 (base 3) to base 5.
1201041
592 (base 12) to base 13
4bb
713 (base 9) to base 14
2d5
What is 3215 (base 6) in base 10?
731
-12541 (base 6) to base 5
-30213
Convert -1698 (base 13) to base 16.
-d08
What is -122000202 (base 3) in base 4?
-3001331
Convert -43403 (base 6) to base 3.
-22012110
What is -173 (base 14) in base 6?
-1213
b91 (base 12) to base 11
12aa
Convert -20322 (base 10) to base 5.
-1122242
1200 (base 3) to base 16
2d
What is a0c2 (base 14) in base 16?
6bda
143132 (base 5) to base 9
8253
154 (base 14) to base 5
2040
What is 26127 (base 9) in base 3?
220010221
Convert 111101000101 (base 2) to base 13.
1a19
What is 235 (base 9) in base 2?
11000010
What is -13132 (base 5) in base 16?
-412
What is 11110001001111 (base 2) in base 10?
15439
12220212 (base 3) to base 7
15404
What is 1042131 (base 5) in base 8?
43760
50 (base 7) to base 12
2b
922 (base 15) to base 2
100000001001
What is 1313000 (base 4) in base 6?
55132
18b9 (base 15) to base 10
5349
Convert -20233 (base 4) to base 13.
-340
Convert 13013320 (base 4) to base 3.
1111000121
Convert 243 (base 6) to base 14.
71
What is -1022022220 (base 3) in base 15